{"id":95,"date":"2025-05-27T11:22:23","date_gmt":"2025-05-27T16:22:23","guid":{"rendered":"https:\/\/drborjacirujanopercutaneo.com\/?page_id=95"},"modified":"2025-07-18T11:54:15","modified_gmt":"2025-07-18T16:54:15","slug":"spyglass","status":"publish","type":"page","link":"https:\/\/drborjacirujanopercutaneo.com\/?page_id=95","title":{"rendered":"Spyglass"},"content":{"rendered":"\t\t<div data-elementor-type=\"wp-page\" data-elementor-id=\"95\" class=\"elementor elementor-95\">\n\t\t\t\t\t\t<section class=\"elementor-section elementor-top-section elementor-element elementor-element-4743f6e elementor-section-boxed elementor-section-height-default elementor-section-height-default\" data-id=\"4743f6e\" data-element_type=\"section\" data-e-type=\"section\">\n\t\t\t\t\t\t<div class=\"elementor-container elementor-column-gap-default\">\n\t\t\t\t\t<div class=\"elementor-column elementor-col-100 elementor-top-column elementor-element elementor-element-0722f36\" data-id=\"0722f36\" data-element_type=\"column\" data-e-type=\"column\">\n\t\t\t<div class=\"elementor-widget-wrap elementor-element-populated\">\n\t\t\t\t\t\t<div class=\"elementor-element elementor-element-096b7dc elementor-widget elementor-widget-heading\" data-id=\"096b7dc\" data-element_type=\"widget\" data-e-type=\"widget\" data-widget_type=\"heading.default\">\n\t\t\t\t<div class=\"elementor-widget-container\">\n\t\t\t\t\t<h1 class=\"elementor-heading-title elementor-size-default\">\ud83d\udd0d \u00bfQU\u00c9 ES SPYGLASS Y C\u00d3MO MEJORA EL DIAGN\u00d3STICO Y TRATAMIENTO DE ENFERMEDADES BILIARES Y PANCRE\u00c1TICAS?<\/h1>\t\t\t\t<\/div>\n\t\t\t\t<\/div>\n\t\t\t\t\t<\/div>\n\t\t<\/div>\n\t\t\t\t\t<\/div>\n\t\t<\/section>\n\t\t\t\t<section class=\"elementor-section elementor-top-section elementor-element elementor-element-9145c45 elementor-section-boxed elementor-section-height-default elementor-section-height-default\" data-id=\"9145c45\" data-element_type=\"section\" data-e-type=\"section\">\n\t\t\t\t\t\t<div class=\"elementor-container elementor-column-gap-default\">\n\t\t\t\t\t<div class=\"elementor-column elementor-col-100 elementor-top-column elementor-element elementor-element-41b79bb\" data-id=\"41b79bb\" data-element_type=\"column\" data-e-type=\"column\">\n\t\t\t<div class=\"elementor-widget-wrap elementor-element-populated\">\n\t\t\t\t\t\t<div class=\"elementor-element elementor-element-1a73364 elementor-widget elementor-widget-text-editor\" data-id=\"1a73364\" data-element_type=\"widget\" data-e-type=\"widget\" data-widget_type=\"text-editor.default\">\n\t\t\t\t<div class=\"elementor-widget-container\">\n\t\t\t\t\t\t\t\t\t<p data-start=\"339\" data-end=\"657\">La tecnolog\u00eda <strong data-start=\"353\" data-end=\"365\">SpyGlass<\/strong> ha revolucionado la forma en que los especialistas acceden, visualizan y tratan enfermedades complejas del sistema biliar y pancre\u00e1tico. Esta herramienta permite realizar procedimientos de forma <strong data-start=\"561\" data-end=\"585\">m\u00ednimamente invasiva<\/strong>, con una precisi\u00f3n que antes solo era posible mediante cirug\u00eda abierta.<\/p><h2 data-start=\"659\" data-end=\"679\">\u00bfQu\u00e9 es SpyGlass?<\/h2><p data-start=\"681\" data-end=\"971\"><strong data-start=\"681\" data-end=\"693\">SpyGlass<\/strong> es un sistema de colangioscop\u00eda de \u00faltima generaci\u00f3n, que permite al m\u00e9dico introducir una c\u00e1mara en miniatura directamente dentro de los conductos biliares o pancre\u00e1ticos. De este modo, se logra una <strong data-start=\"902\" data-end=\"957\">visualizaci\u00f3n directa del interior de los conductos<\/strong>, permitiendo:<\/p><p data-start=\"681\" data-end=\"971\"><img fetchpriority=\"high\" decoding=\"async\" class=\"alignnone size-medium wp-image-557\" src=\"https:\/\/drborjacirujanopercutaneo.com\/wp-content\/uploads\/2025\/06\/spyglass-bsx-large-3x2-1-300x173.jpg\" alt=\"\" width=\"300\" height=\"173\" srcset=\"https:\/\/drborjacirujanopercutaneo.com\/wp-content\/uploads\/2025\/06\/spyglass-bsx-large-3x2-1-300x173.jpg 300w, https:\/\/drborjacirujanopercutaneo.com\/wp-content\/uploads\/2025\/06\/spyglass-bsx-large-3x2-1.jpg 600w\" sizes=\"(max-width: 300px) 100vw, 300px\" \/><\/p><ul data-start=\"972\" data-end=\"1116\"><li data-start=\"972\" data-end=\"1007\"><p data-start=\"974\" data-end=\"1007\">Diagnosticar con mayor precisi\u00f3n.<\/p><\/li><li data-start=\"1008\" data-end=\"1035\"><p data-start=\"1010\" data-end=\"1035\">Tomar biopsias dirigidas.<\/p><\/li><li data-start=\"1036\" data-end=\"1116\"><p data-start=\"1038\" data-end=\"1116\">Realizar tratamientos como extracci\u00f3n de c\u00e1lculos o fragmentaci\u00f3n de litiasis.<\/p><\/li><\/ul><h2 data-start=\"1118\" data-end=\"1155\">\u00bfEn qu\u00e9 casos se utiliza SpyGlass?<\/h2><p data-start=\"1157\" data-end=\"1207\">Esta tecnolog\u00eda se recomienda en situaciones como:<\/p><ul data-start=\"1208\" data-end=\"1495\"><li data-start=\"1208\" data-end=\"1253\"><p data-start=\"1210\" data-end=\"1253\"><strong data-start=\"1210\" data-end=\"1252\">C\u00e1lculos biliares dif\u00edciles de extraer<\/strong>.<\/p><\/li><li data-start=\"1254\" data-end=\"1314\"><p data-start=\"1256\" data-end=\"1314\"><strong data-start=\"1256\" data-end=\"1313\">Estrechamientos o estenosis de los conductos biliares<\/strong>.<\/p><\/li><li data-start=\"1315\" data-end=\"1377\"><p data-start=\"1317\" data-end=\"1377\"><strong data-start=\"1317\" data-end=\"1376\">Lesiones sospechosas o tumores en v\u00eda biliar o p\u00e1ncreas<\/strong>.<\/p><\/li><li data-start=\"1378\" data-end=\"1431\"><p data-start=\"1380\" data-end=\"1431\"><strong data-start=\"1380\" data-end=\"1430\">Complicaciones posteriores a cirug\u00edas biliares<\/strong>.<\/p><\/li><li data-start=\"1432\" data-end=\"1495\"><p data-start=\"1434\" data-end=\"1495\"><strong data-start=\"1434\" data-end=\"1494\">Evaluaci\u00f3n avanzada en colangitis o pancreatitis cr\u00f3nica<\/strong>.<\/p><\/li><li data-start=\"1432\" data-end=\"1495\"><img decoding=\"async\" class=\"alignnone size-medium wp-image-558\" src=\"https:\/\/drborjacirujanopercutaneo.com\/wp-content\/uploads\/2025\/06\/Captura-de-pantalla-2025-01-10-a-las-08.15.49-300x235.png\" alt=\"\" width=\"300\" height=\"235\" srcset=\"https:\/\/drborjacirujanopercutaneo.com\/wp-content\/uploads\/2025\/06\/Captura-de-pantalla-2025-01-10-a-las-08.15.49-300x235.png 300w, https:\/\/drborjacirujanopercutaneo.com\/wp-content\/uploads\/2025\/06\/Captura-de-pantalla-2025-01-10-a-las-08.15.49-768x603.png 768w, https:\/\/drborjacirujanopercutaneo.com\/wp-content\/uploads\/2025\/06\/Captura-de-pantalla-2025-01-10-a-las-08.15.49.png 994w\" sizes=\"(max-width: 300px) 100vw, 300px\" \/><img decoding=\"async\" class=\"\" src=\"https:\/\/drborjacirujanopercutaneo.com\/wp-content\/uploads\/2025\/05\/WhatsApp-Image-2025-05-19-at-5.28.18-PM-300x196.jpeg\" alt=\"Dr. Santiago Borja en quir\u00f3fano operando p\u00e1ncreas\" width=\"303\" height=\"198\" \/><\/li><li data-start=\"1432\" data-end=\"1495\">\u00a0<\/li><\/ul><h2 data-start=\"1497\" data-end=\"1529\">Ventajas del sistema SpyGlass<\/h2><p data-start=\"1531\" data-end=\"1975\">\u2705 <strong data-start=\"1533\" data-end=\"1558\">Visualizaci\u00f3n directa<\/strong>: permite ver en tiempo real dentro de los conductos biliares y pancre\u00e1ticos.<br data-start=\"1635\" data-end=\"1638\" \/>\u2705 <strong data-start=\"1640\" data-end=\"1670\">Alta precisi\u00f3n diagn\u00f3stica<\/strong>: se pueden tomar biopsias con exactitud.<br data-start=\"1711\" data-end=\"1714\" \/>\u2705 <strong data-start=\"1716\" data-end=\"1746\">Menor necesidad de cirug\u00eda<\/strong>: resuelve muchos casos sin recurrir a una operaci\u00f3n mayor.<br data-start=\"1805\" data-end=\"1808\" \/>\u2705 <strong data-start=\"1810\" data-end=\"1839\">Procedimiento ambulatorio<\/strong>: en la mayor\u00eda de los casos no requiere hospitalizaci\u00f3n.<br data-start=\"1896\" data-end=\"1899\" \/>\u2705 <strong data-start=\"1901\" data-end=\"1935\">M\u00e1s seguridad para el paciente<\/strong>: se reduce el riesgo de complicaciones.<\/p><p data-start=\"1531\" data-end=\"1975\"><img loading=\"lazy\" decoding=\"async\" class=\"alignnone wp-image-560\" src=\"https:\/\/drborjacirujanopercutaneo.com\/wp-content\/uploads\/2025\/06\/Captura-de-pantalla-2025-01-10-a-las-07.40.36-300x239.png\" alt=\"\" width=\"273\" height=\"218\" srcset=\"https:\/\/drborjacirujanopercutaneo.com\/wp-content\/uploads\/2025\/06\/Captura-de-pantalla-2025-01-10-a-las-07.40.36-300x239.png 300w, https:\/\/drborjacirujanopercutaneo.com\/wp-content\/uploads\/2025\/06\/Captura-de-pantalla-2025-01-10-a-las-07.40.36.png 680w\" sizes=\"(max-width: 273px) 100vw, 273px\" \/><\/p><h2 data-start=\"1977\" data-end=\"2031\">Atenci\u00f3n especializada con tecnolog\u00eda de vanguardia<\/h2><p data-start=\"2033\" data-end=\"2360\">El Dr. Santiago Borja, especialista en <strong data-start=\"2077\" data-end=\"2122\">cirug\u00eda m\u00ednimamente invasiva y percut\u00e1nea<\/strong>, cuenta con entrenamiento avanzado en procedimientos guiados por <strong data-start=\"2188\" data-end=\"2200\">SpyGlass<\/strong>, lo que permite ofrecer a sus pacientes un diagn\u00f3stico m\u00e1s certero y tratamientos menos invasivos, con tiempos de recuperaci\u00f3n m\u00e1s cortos y mejores resultados.<\/p><p data-start=\"2033\" data-end=\"2360\">\u00a0<\/p>\t\t\t\t\t\t\t\t<\/div>\n\t\t\t\t<\/div>\n\t\t\t\t\t<\/div>\n\t\t<\/div>\n\t\t\t\t\t<\/div>\n\t\t<\/section>\n\t\t<div class=\"elementor-element elementor-element-2284e64 e-flex e-con-boxed e-con e-parent\" data-id=\"2284e64\" data-element_type=\"container\" data-e-type=\"container\">\n\t\t\t\t\t<div class=\"e-con-inner\">\n\t\t\t\t<div class=\"elementor-element elementor-element-7318faf elementor-arrows-position-inside elementor-pagination-position-outside elementor-widget elementor-widget-image-carousel\" data-id=\"7318faf\" data-element_type=\"widget\" data-e-type=\"widget\" data-settings=\"{&quot;navigation&quot;:&quot;both&quot;,&quot;autoplay&quot;:&quot;yes&quot;,&quot;pause_on_hover&quot;:&quot;yes&quot;,&quot;pause_on_interaction&quot;:&quot;yes&quot;,&quot;autoplay_speed&quot;:5000,&quot;infinite&quot;:&quot;yes&quot;,&quot;speed&quot;:500}\" data-widget_type=\"image-carousel.default\">\n\t\t\t\t<div class=\"elementor-widget-container\">\n\t\t\t\t\t\t\t<div class=\"elementor-image-carousel-wrapper swiper\" role=\"region\" aria-roledescription=\"carousel\" aria-label=\"Carrusel de im\u00e1genes\" dir=\"ltr\">\n\t\t\t<div class=\"elementor-image-carousel swiper-wrapper\" aria-live=\"off\">\n\t\t\t\t\t\t\t\t<div class=\"swiper-slide\" role=\"group\" aria-roledescription=\"slide\" aria-label=\"1 of 4\"><figure class=\"swiper-slide-inner\"><img decoding=\"async\" class=\"swiper-slide-image\" src=\"https:\/\/drborjacirujanopercutaneo.com\/wp-content\/uploads\/2025\/06\/spyglass-bsx-large-3x2-1-300x173.jpg\" alt=\"spyglass-bsx-large-3x2\" \/><\/figure><\/div><div class=\"swiper-slide\" role=\"group\" aria-roledescription=\"slide\" aria-label=\"2 of 4\"><figure class=\"swiper-slide-inner\"><img decoding=\"async\" class=\"swiper-slide-image\" src=\"https:\/\/drborjacirujanopercutaneo.com\/wp-content\/uploads\/2025\/05\/WhatsApp-Image-2025-05-19-at-5.29.07-PM-226x300.jpeg\" alt=\"Dr. Santiago Borja operando en quir\u00f3fano en Quito\" \/><\/figure><\/div><div class=\"swiper-slide\" role=\"group\" aria-roledescription=\"slide\" aria-label=\"3 of 4\"><figure class=\"swiper-slide-inner\"><img decoding=\"async\" class=\"swiper-slide-image\" src=\"https:\/\/drborjacirujanopercutaneo.com\/wp-content\/uploads\/2025\/05\/baner1dr-300x169.png\" alt=\"dr, cirujano percut\u00e1neo Santiago Borja operando con tecnolog\u00eda\" \/><\/figure><\/div><div class=\"swiper-slide\" role=\"group\" aria-roledescription=\"slide\" aria-label=\"4 of 4\"><figure class=\"swiper-slide-inner\"><img decoding=\"async\" class=\"swiper-slide-image\" src=\"https:\/\/drborjacirujanopercutaneo.com\/wp-content\/uploads\/2025\/05\/WhatsApp-Image-2025-05-19-at-5.21.54-PM-300x174.jpeg\" alt=\"Dr. cirujano general con su equipo de trabajo en cirug\u00eda m\u00ednimamente invasiva\" \/><\/figure><\/div>\t\t\t<\/div>\n\t\t\t\t\t\t\t\t\t\t\t\t<div class=\"elementor-swiper-button elementor-swiper-button-prev\" role=\"button\" tabindex=\"0\">\n\t\t\t\t\t\t<i aria-hidden=\"true\" class=\"eicon-chevron-left\"><\/i>\t\t\t\t\t<\/div>\n\t\t\t\t\t<div class=\"elementor-swiper-button elementor-swiper-button-next\" role=\"button\" tabindex=\"0\">\n\t\t\t\t\t\t<i aria-hidden=\"true\" class=\"eicon-chevron-right\"><\/i>\t\t\t\t\t<\/div>\n\t\t\t\t\n\t\t\t\t\t\t\t\t\t<div class=\"swiper-pagination\"><\/div>\n\t\t\t\t\t\t\t\t\t<\/div>\n\t\t\t\t\t\t<\/div>\n\t\t\t\t<\/div>\n\t\t\t\t\t<\/div>\n\t\t\t\t<\/div>\n\t\t\t\t<\/div>\n\t\t","protected":false},"excerpt":{"rendered":"","protected":false},"author":1,"featured_media":0,"parent":0,"menu_order":0,"comment_status":"closed","ping_status":"closed","template":"","meta":{"site-sidebar-layout":"no-sidebar","site-content-layout":"","ast-site-content-layout":"full-width-container","site-content-style":"default","site-sidebar-style":"default","ast-global-header-display":"","ast-banner-title-visibility":"","ast-main-header-display":"","ast-hfb-above-header-display":"","ast-hfb-below-header-display":"","ast-hfb-mobile-header-display":"","site-post-title":"disabled","ast-breadcrumbs-content":"","ast-featured-img":"disabled","footer-sml-layout":"","ast-disable-related-posts":"","theme-transparent-header-meta":"","adv-header-id-meta":"","stick-header-meta":"","header-above-stick-meta":"","header-main-stick-meta":"","header-below-stick-meta":"","astra-migrate-meta-layouts":"default","ast-page-background-enabled":"default","ast-page-background-meta":{"desktop":{"background-color":"var(--ast-global-color-5)","background-image":"","background-repeat":"repeat","background-position":"center center","background-size":"auto","background-attachment":"scroll","background-type":"","background-media":"","overlay-type":"","overlay-color":"","overlay-opacity":"","overlay-gradient":""},"tablet":{"background-color":"","background-image":"","background-repeat":"repeat","background-position":"center center","background-size":"auto","background-attachment":"scroll","background-type":"","background-media":"","overlay-type":"","overlay-color":"","overlay-opacity":"","overlay-gradient":""},"mobile":{"background-color":"","background-image":"","background-repeat":"repeat","background-position":"center center","background-size":"auto","background-attachment":"scroll","background-type":"","background-media":"","overlay-type":"","overlay-color":"","overlay-opacity":"","overlay-gradient":""}},"ast-content-background-meta":{"desktop":{"background-color":"var(--ast-global-color-4)","background-image":"","background-repeat":"repeat","background-position":"center center","background-size":"auto","background-attachment":"scroll","background-type":"","background-media":"","overlay-type":"","overlay-color":"","overlay-opacity":"","overlay-gradient":""},"tablet":{"background-color":"var(--ast-global-color-4)","background-image":"","background-repeat":"repeat","background-position":"center center","background-size":"auto","background-attachment":"scroll","background-type":"","background-media":"","overlay-type":"","overlay-color":"","overlay-opacity":"","overlay-gradient":""},"mobile":{"background-color":"var(--ast-global-color-4)","background-image":"","background-repeat":"repeat","background-position":"center center","background-size":"auto","background-attachment":"scroll","background-type":"","background-media":"","overlay-type":"","overlay-color":"","overlay-opacity":"","overlay-gradient":""}},"_joinchat":[],"footnotes":""},"class_list":["post-95","page","type-page","status-publish","hentry"],"yoast_head":"<!-- This site is optimized with the Yoast SEO plugin v27.4 - https:\/\/yoast.com\/product\/yoast-seo-wordpress\/ -->\n<title>Spyglass Cirug\u00eda Avanzada en Quito para tratamiento biliar y pancre\u00e1tico<\/title>\n<meta name=\"description\" content=\"El Dr. Borja utiliza Syglass para tratar enfermedades complejas del sistema biliar y pancre\u00e1tico. Tecnolog\u00eda 3D de precisi\u00f3n para diagn\u00f3sticos y cirug\u00edas m\u00ednimamente invasivas\" \/>\n<meta name=\"robots\" content=\"index, follow, max-snippet:-1, max-image-preview:large, max-video-preview:-1\" \/>\n<link rel=\"canonical\" href=\"https:\/\/drborjacirujanopercutaneo.com\/?page_id=95\" \/>\n<meta property=\"og:locale\" content=\"es_ES\" \/>\n<meta property=\"og:type\" content=\"article\" \/>\n<meta property=\"og:title\" content=\"Spyglass Cirug\u00eda Avanzada en Quito para tratamiento biliar y pancre\u00e1tico\" \/>\n<meta property=\"og:description\" content=\"El Dr. Borja utiliza Syglass para tratar enfermedades complejas del sistema biliar y pancre\u00e1tico. Tecnolog\u00eda 3D de precisi\u00f3n para diagn\u00f3sticos y cirug\u00edas m\u00ednimamente invasivas\" \/>\n<meta property=\"og:url\" content=\"https:\/\/drborjacirujanopercutaneo.com\/?page_id=95\" \/>\n<meta property=\"og:site_name\" content=\"Dr Santiago Borja\" \/>\n<meta property=\"article:publisher\" content=\"https:\/\/www.facebook.com\/Dr.SantiagoBorja\" \/>\n<meta property=\"article:modified_time\" content=\"2025-07-18T16:54:15+00:00\" \/>\n<meta name=\"twitter:card\" content=\"summary_large_image\" \/>\n<script type=\"application\/ld+json\" class=\"yoast-schema-graph\">{\"@context\":\"https:\\\/\\\/schema.org\",\"@graph\":[{\"@type\":[\"WebPage\",\"MedicalWebPage\"],\"@id\":\"https:\\\/\\\/drborjacirujanopercutaneo.com\\\/?page_id=95\",\"url\":\"https:\\\/\\\/drborjacirujanopercutaneo.com\\\/?page_id=95\",\"name\":\"Spyglass Cirug\u00eda Avanzada en Quito para tratamiento biliar y pancre\u00e1tico\",\"isPartOf\":{\"@id\":\"https:\\\/\\\/drborjacirujanopercutaneo.com\\\/#website\"},\"datePublished\":\"2025-05-27T16:22:23+00:00\",\"dateModified\":\"2025-07-18T16:54:15+00:00\",\"description\":\"El Dr. Borja utiliza Syglass para tratar enfermedades complejas del sistema biliar y pancre\u00e1tico. Tecnolog\u00eda 3D de precisi\u00f3n para diagn\u00f3sticos y cirug\u00edas m\u00ednimamente invasivas\",\"breadcrumb\":{\"@id\":\"https:\\\/\\\/drborjacirujanopercutaneo.com\\\/?page_id=95#breadcrumb\"},\"inLanguage\":\"es\",\"potentialAction\":[{\"@type\":\"ReadAction\",\"target\":[\"https:\\\/\\\/drborjacirujanopercutaneo.com\\\/?page_id=95\"]}]},{\"@type\":\"BreadcrumbList\",\"@id\":\"https:\\\/\\\/drborjacirujanopercutaneo.com\\\/?page_id=95#breadcrumb\",\"itemListElement\":[{\"@type\":\"ListItem\",\"position\":1,\"name\":\"Portada\",\"item\":\"https:\\\/\\\/drborjacirujanopercutaneo.com\\\/\"},{\"@type\":\"ListItem\",\"position\":2,\"name\":\"Spyglass\"}]},{\"@type\":\"WebSite\",\"@id\":\"https:\\\/\\\/drborjacirujanopercutaneo.com\\\/#website\",\"url\":\"https:\\\/\\\/drborjacirujanopercutaneo.com\\\/\",\"name\":\"Drborjacirujanopercutaneo\",\"description\":\"Dr. SANTIAGO BORJA V. ESPECIALISTA EN CIRUG\u00cdA GENERAL Y LAPAROSC\u00d3PICA. CIRUG\u00cdA PERCUT\u00c1NEA M\u00cdNIMAMENTE INVASIVA.\",\"publisher\":{\"@id\":\"https:\\\/\\\/drborjacirujanopercutaneo.com\\\/#organization\"},\"potentialAction\":[{\"@type\":\"SearchAction\",\"target\":{\"@type\":\"EntryPoint\",\"urlTemplate\":\"https:\\\/\\\/drborjacirujanopercutaneo.com\\\/?s={search_term_string}\"},\"query-input\":{\"@type\":\"PropertyValueSpecification\",\"valueRequired\":true,\"valueName\":\"search_term_string\"}}],\"inLanguage\":\"es\"},{\"@type\":\"Organization\",\"@id\":\"https:\\\/\\\/drborjacirujanopercutaneo.com\\\/#organization\",\"name\":\"Drborjacirujanopercutaneo\",\"url\":\"https:\\\/\\\/drborjacirujanopercutaneo.com\\\/\",\"logo\":{\"@type\":\"ImageObject\",\"inLanguage\":\"es\",\"@id\":\"https:\\\/\\\/drborjacirujanopercutaneo.com\\\/#\\\/schema\\\/logo\\\/image\\\/\",\"url\":\"https:\\\/\\\/drborjacirujanopercutaneo.com\\\/wp-content\\\/uploads\\\/2025\\\/05\\\/475579343_122126229212673563_9188010195396114782_n.jpg\",\"contentUrl\":\"https:\\\/\\\/drborjacirujanopercutaneo.com\\\/wp-content\\\/uploads\\\/2025\\\/05\\\/475579343_122126229212673563_9188010195396114782_n.jpg\",\"width\":1303,\"height\":1307,\"caption\":\"Drborjacirujanopercutaneo\"},\"image\":{\"@id\":\"https:\\\/\\\/drborjacirujanopercutaneo.com\\\/#\\\/schema\\\/logo\\\/image\\\/\"},\"sameAs\":[\"https:\\\/\\\/www.facebook.com\\\/Dr.SantiagoBorja\"]}]}<\/script>\n<!-- \/ Yoast SEO plugin. -->","yoast_head_json":{"title":"Spyglass Cirug\u00eda Avanzada en Quito para tratamiento biliar y pancre\u00e1tico","description":"El Dr. Borja utiliza Syglass para tratar enfermedades complejas del sistema biliar y pancre\u00e1tico. Tecnolog\u00eda 3D de precisi\u00f3n para diagn\u00f3sticos y cirug\u00edas m\u00ednimamente invasivas","robots":{"index":"index","follow":"follow","max-snippet":"max-snippet:-1","max-image-preview":"max-image-preview:large","max-video-preview":"max-video-preview:-1"},"canonical":"https:\/\/drborjacirujanopercutaneo.com\/?page_id=95","og_locale":"es_ES","og_type":"article","og_title":"Spyglass Cirug\u00eda Avanzada en Quito para tratamiento biliar y pancre\u00e1tico","og_description":"El Dr. Borja utiliza Syglass para tratar enfermedades complejas del sistema biliar y pancre\u00e1tico. Tecnolog\u00eda 3D de precisi\u00f3n para diagn\u00f3sticos y cirug\u00edas m\u00ednimamente invasivas","og_url":"https:\/\/drborjacirujanopercutaneo.com\/?page_id=95","og_site_name":"Dr Santiago Borja","article_publisher":"https:\/\/www.facebook.com\/Dr.SantiagoBorja","article_modified_time":"2025-07-18T16:54:15+00:00","twitter_card":"summary_large_image","schema":{"@context":"https:\/\/schema.org","@graph":[{"@type":["WebPage","MedicalWebPage"],"@id":"https:\/\/drborjacirujanopercutaneo.com\/?page_id=95","url":"https:\/\/drborjacirujanopercutaneo.com\/?page_id=95","name":"Spyglass Cirug\u00eda Avanzada en Quito para tratamiento biliar y pancre\u00e1tico","isPartOf":{"@id":"https:\/\/drborjacirujanopercutaneo.com\/#website"},"datePublished":"2025-05-27T16:22:23+00:00","dateModified":"2025-07-18T16:54:15+00:00","description":"El Dr. Borja utiliza Syglass para tratar enfermedades complejas del sistema biliar y pancre\u00e1tico. Tecnolog\u00eda 3D de precisi\u00f3n para diagn\u00f3sticos y cirug\u00edas m\u00ednimamente invasivas","breadcrumb":{"@id":"https:\/\/drborjacirujanopercutaneo.com\/?page_id=95#breadcrumb"},"inLanguage":"es","potentialAction":[{"@type":"ReadAction","target":["https:\/\/drborjacirujanopercutaneo.com\/?page_id=95"]}]},{"@type":"BreadcrumbList","@id":"https:\/\/drborjacirujanopercutaneo.com\/?page_id=95#breadcrumb","itemListElement":[{"@type":"ListItem","position":1,"name":"Portada","item":"https:\/\/drborjacirujanopercutaneo.com\/"},{"@type":"ListItem","position":2,"name":"Spyglass"}]},{"@type":"WebSite","@id":"https:\/\/drborjacirujanopercutaneo.com\/#website","url":"https:\/\/drborjacirujanopercutaneo.com\/","name":"Drborjacirujanopercutaneo","description":"Dr. SANTIAGO BORJA V. ESPECIALISTA EN CIRUG\u00cdA GENERAL Y LAPAROSC\u00d3PICA. CIRUG\u00cdA PERCUT\u00c1NEA M\u00cdNIMAMENTE INVASIVA.","publisher":{"@id":"https:\/\/drborjacirujanopercutaneo.com\/#organization"},"potentialAction":[{"@type":"SearchAction","target":{"@type":"EntryPoint","urlTemplate":"https:\/\/drborjacirujanopercutaneo.com\/?s={search_term_string}"},"query-input":{"@type":"PropertyValueSpecification","valueRequired":true,"valueName":"search_term_string"}}],"inLanguage":"es"},{"@type":"Organization","@id":"https:\/\/drborjacirujanopercutaneo.com\/#organization","name":"Drborjacirujanopercutaneo","url":"https:\/\/drborjacirujanopercutaneo.com\/","logo":{"@type":"ImageObject","inLanguage":"es","@id":"https:\/\/drborjacirujanopercutaneo.com\/#\/schema\/logo\/image\/","url":"https:\/\/drborjacirujanopercutaneo.com\/wp-content\/uploads\/2025\/05\/475579343_122126229212673563_9188010195396114782_n.jpg","contentUrl":"https:\/\/drborjacirujanopercutaneo.com\/wp-content\/uploads\/2025\/05\/475579343_122126229212673563_9188010195396114782_n.jpg","width":1303,"height":1307,"caption":"Drborjacirujanopercutaneo"},"image":{"@id":"https:\/\/drborjacirujanopercutaneo.com\/#\/schema\/logo\/image\/"},"sameAs":["https:\/\/www.facebook.com\/Dr.SantiagoBorja"]}]}},"_links":{"self":[{"href":"https:\/\/drborjacirujanopercutaneo.com\/index.php?rest_route=\/wp\/v2\/pages\/95","targetHints":{"allow":["GET"]}}],"collection":[{"href":"https:\/\/drborjacirujanopercutaneo.com\/index.php?rest_route=\/wp\/v2\/pages"}],"about":[{"href":"https:\/\/drborjacirujanopercutaneo.com\/index.php?rest_route=\/wp\/v2\/types\/page"}],"author":[{"embeddable":true,"href":"https:\/\/drborjacirujanopercutaneo.com\/index.php?rest_route=\/wp\/v2\/users\/1"}],"replies":[{"embeddable":true,"href":"https:\/\/drborjacirujanopercutaneo.com\/index.php?rest_route=%2Fwp%2Fv2%2Fcomments&post=95"}],"version-history":[{"count":15,"href":"https:\/\/drborjacirujanopercutaneo.com\/index.php?rest_route=\/wp\/v2\/pages\/95\/revisions"}],"predecessor-version":[{"id":637,"href":"https:\/\/drborjacirujanopercutaneo.com\/index.php?rest_route=\/wp\/v2\/pages\/95\/revisions\/637"}],"wp:attachment":[{"href":"https:\/\/drborjacirujanopercutaneo.com\/index.php?rest_route=%2Fwp%2Fv2%2Fmedia&parent=95"}],"curies":[{"name":"wp","href":"https:\/\/api.w.org\/{rel}","templated":true}]}}